actor of 7 and 20188.
7
Calculate the greatest common factor of 1885 and 65.
65
Calculate the greatest common factor of 35 and 2835.
35
Calculate the greatest common divisor of 101 and 2.
1
What is the highest common divisor of 62 and 62?
62
Calculate the highest common divisor of 16 and 428.
4
What is the greatest common divisor of 20 and 10060?
20
Calculate the greatest common factor of 8113 and 57.
19
What is the highest common factor of 392 and 147?
49
Calculate the highest common divisor of 116 and 2755.
29
What is the greatest common factor of 148 and 629?
37
What is the highest common factor of 72 and 392?
8
Calculate the highest common divisor of 16 and 6176.
16
What is the highest common factor of 8908 and 68?
68
What is the greatest common factor of 1302 and 42?
42
What is the highest common factor of 972 and 96?
12
What is the greatest common divisor of 288 and 198?
18
Calculate the greatest common divisor of 357 and 1029.
21
Calculate the greatest common factor of 96 and 6.
6
What is the highest common divisor of 2961 and 21?
21
What is the highest common divisor of 266 and 2261?
133
What is the highest common factor of 65 and 2795?
65
What is the greatest common factor of 1802 and 4?
2
What is the greatest common divisor of 322 and 17227?
161
Calculate the highest common factor of 32 and 400.
16
Calculate the greatest common factor of 57 and 209.
19
What is the highest common divisor of 2057 and 17?
17
What is the greatest common factor of 22488 and 16?
8
What is the greatest common divisor of 728 and 56?
56
What is the highest common factor of 282 and 2162?
94
What is the greatest common divisor of 39 and 195?
39
What is the greatest common factor of 4 and 502?
2
Calculate the highest common divisor of 3315 and 15.
15
What is the highest common divisor of 48 and 15?
3
Calculate the greatest common factor of 240 and 1488.
48
Calculate the greatest common factor of 41 and 697.
41
Calculate the greatest common divisor of 6 and 111.
3
What is the greatest common factor of 1216 and 64?
64
Calculate the greatest common divisor of 1701 and 84.
21
Calculate the greatest common factor of 1 and 1663.
1
What is the greatest common divisor of 184 and 8?
8
Calculate the greatest common factor of 282 and 12.
6
What is the highest common factor of 123 and 205?
41
Calculate the highest common divisor of 40 and 370.
10
Calculate the highest common factor of 2128 and 112.
112
Calculate the greatest common factor of 48 and 16.
16
Calculate the highest common divisor of 4298 and 14.
14
Calculate the greatest common factor of 96 and 852.
12
What is the greatest common divisor of 159 and 3021?
159
Calculate the highest common factor of 104 and 364.
52
Calculate the greatest common factor of 510 and 272.
34
Calculate the highest common divisor of 272 and 187.
17
Calculate the highest common divisor of 3 and 136.
1
Calculate the greatest common divisor of 1204 and 28.
28
Calculate the greatest common factor of 1703 and 131.
131
Calculate the highest common divisor of 66 and 6.
6
Calculate the highest common divisor of 180 and 63.
9
Calculate the highest common factor of 890 and 120.
10
Calculate the greatest common divisor of 23 and 851.
23
What is the highest common divisor of 7 and 133?
7
Calculate the greatest common divisor of 21 and 476.
7
Calculate the highest common divisor of 90 and 25.
5
What is the highest common divisor of 18 and 27?
9
What is the greatest common divisor of 4256 and 133?
133
Calculate the highest common factor of 768 and 96.
96
What is the highest common divisor of 48 and 184?
8
Calculate the greatest common divisor of 28799 and 31.
31
What is the highest common divisor of 166 and 8798?
166
Calculate the highest common factor of 49 and 392.
49
What is the highest common divisor of 18 and 3123?
9
What is the greatest common factor of 15 and 4260?
15
What is the highest common divisor of 23 and 920?
23
Calculate the highest common divisor of 342 and 10.
2
What is the highest common divisor of 2 and 6638?
2
What is the greatest common divisor of 29 and 899?
29
What is the highest common factor of 13 and 299?
13
What is the greatest common factor of 15 and 2865?
15
What is the highest common factor of 169 and 5239?
169
Calculate the greatest common factor of 740 and 240.
20
Calculate the highest common factor of 99 and 561.
33
What is the greatest common divisor of 646 and 437?
19
What is the highest common divisor of 242 and 22?
22
Calculate the greatest common divisor of 30 and 7005.
15
What is the greatest common divisor of 8 and 496?
8
What is the greatest common divisor of 451 and 82?
41
What is the greatest common divisor of 45 and 1015?
5
What is the highest common factor of 2982 and 42?
42
What is the highest common factor of 34878 and 6?
6
What is the greatest common divisor of 1428 and 112?
28
Calculate the highest common divisor of 15 and 265.
5
Calculate the highest common factor of 7 and 861.
7
What is the highest common divisor of 60 and 12?
12
Calculate the greatest common divisor of 2158 and 26.
26
What is the highest common divisor of 133 and 114?
19
What is the highest common factor of 35 and 1015?
35
What is the highest common divisor of 11110 and 1616?
202
What is the highest common factor of 57 and 1254?
57
What is the greatest common factor of 9104 and 32?
16
Calculate the highest common divisor of 87 and 24853.
29
What is the greatest common divisor of 975 and 104?
13
What is the highest common factor of 12 and 1956?
12
What is the highest common factor of 806 and 52?
26
What is the greatest common divisor of 77 and 3157?
77
What is the highest common divisor of 198 and 738?
18
What is the highest common divisor of 44444 and 271?
271
Calculate the greatest common divisor of 959 and 7.
7
Calculate the greatest common divisor of 272 and 8432.
272
What is the highest common factor of 13 and 1040?
13
What is the greatest common factor of 93 and 248?
31
What is the greatest common factor of 38 and 342?
38
What is the greatest common divisor of 76 and 1028?
4
What is the greatest common divisor of 16252 and 1195?
239
What is the greatest common divisor of 98 and 4?
2
Calculate the highest common divisor of 20 and 4660.
20
What is the greatest common factor of 172 and 122?
2
What is the highest common divisor of 1032 and 2193?
129
What is the greatest common divisor of 352 and 24?
8
Calculate the greatest common divisor of 1400 and 50.
50
Calculate the greatest common factor of 26433 and 297.
297
What is the greatest common factor of 516 and 1419?
129
What is the highest common divisor of 665 and 304?
19
Calculate the highest common factor of 123 and 328.
41
What is the highest common divisor of 15 and 990?
15
What is the highest common divisor of 320 and 3584?
64
What is the greatest common factor of 195 and 78?
39
Calculate the highest common factor of 731 and 129.
43
Calculate the highest common divisor of 604 and 4.
4
Calculate the highest common factor of 7 and 1981.
7
What is the highest common divisor of 180 and 96?
12
Calculate the highest common divisor of 1190 and 1071.
119
Calculate the greatest common divisor of 956 and 8365.
239
What is the highest common factor of 50 and 6375?
25
What is the greatest common factor of 6 and 12060?
6
What is the greatest common factor of 61 and 13664?
61
Calculate the highest common divisor of 500 and 375.
125
What is the highest common factor of 450 and 2150?
50
Calculate the highest common divisor of 1320 and 22.
22
What is the highest common divisor of 1862 and 196?
98
Calculate the highest common divisor of 1804 and 44.
44
Calculate the highest common divisor of 1378 and 78.
26
What is the greatest common factor of 28 and 19292?
28
Calculate the greatest common divisor of 333 and 74.
37
Calculate the highest common factor of 1 and 251.
1
Calculate the greatest common factor of 408 and 51.
51
Calculate the highest common factor of 676 and 1196.
52
Calculate the highest common factor of 30 and 1290.
30
What is the highest common divisor of 36 and 474?
6
What is the greatest common divisor of 783 and 189?
27
Calculate the greatest common divisor of 112 and 2366.
14
What is the highest common factor of 288 and 256?
32
What is the highest common divisor of 3228 and